ime factors of 1214910?
2, 3, 5, 13499
What are the prime factors of 2156597?
2156597
List the prime factors of 586469.
13, 197, 229
List the prime factors of 424428.
2, 3, 113, 313
List the prime factors of 243078.
2, 3, 11, 29, 127
List the prime factors of 56888.
2, 13, 547
List the prime factors of 3076615.
5, 229, 2687
List the prime factors of 873038.
2, 113, 3863
What are the prime factors of 5935141?
997, 5953
List the prime factors of 265201.
163, 1627
What are the prime factors of 8395767?
3, 932863
What are the prime factors of 559361?
11, 211, 241
What are the prime factors of 2224979?
2224979
List the prime factors of 804128.
2, 13, 1933
What are the prime factors of 253352?
2, 11, 2879
What are the prime factors of 15088338?
2, 3, 821, 1021
List the prime factors of 2065578.
2, 3, 344263
What are the prime factors of 2089700?
2, 5, 20897
What are the prime factors of 284268?
2, 3, 23689
What are the prime factors of 1332372?
2, 3, 111031
List the prime factors of 784514.
2, 223, 1759
List the prime factors of 5562276.
2, 3, 463523
List the prime factors of 16223908.
2, 37, 109621
What are the prime factors of 71115?
3, 5, 11, 431
List the prime factors of 3744958.
2, 7, 267497
List the prime factors of 154660.
2, 5, 11, 19, 37
List the prime factors of 555533.
11, 50503
List the prime factors of 147249.
3, 16361
List the prime factors of 1761470.
2, 5, 353, 499
What are the prime factors of 1348619?
1348619
List the prime factors of 1082382.
2, 3, 7, 25771
List the prime factors of 245310.
2, 3, 5, 13, 17, 37
List the prime factors of 4919446.
2, 7, 37, 9497
List the prime factors of 7548715.
5, 23, 41, 1601
List the prime factors of 15341743.
1873, 8191
List the prime factors of 9966901.
7, 1423843
What are the prime factors of 521709?
3, 23, 7561
What are the prime factors of 17621592?
2, 3, 734233
List the prime factors of 87812.
2, 29, 757
List the prime factors of 2499402.
2, 3, 79, 5273
What are the prime factors of 33195?
3, 5, 2213
What are the prime factors of 234238?
2, 117119
List the prime factors of 28830.
2, 3, 5, 31
What are the prime factors of 11971913?
11971913
List the prime factors of 9187227.
3, 7, 145829
List the prime factors of 27997974.
2, 3, 37, 173
What are the prime factors of 17878135?
5, 11, 17, 19121
What are the prime factors of 843332?
2, 7, 30119
What are the prime factors of 9063630?
2, 3, 5, 33569
What are the prime factors of 805482?
2, 3, 73, 613
What are the prime factors of 1223497?
11, 111227
What are the prime factors of 15775?
5, 631
List the prime factors of 30508729.
167, 182687
What are the prime factors of 369801?
3, 17, 2417
What are the prime factors of 994774?
2, 11, 103, 439
What are the prime factors of 1211912?
2, 13, 43, 271
What are the prime factors of 279840?
2, 3, 5, 11, 53
List the prime factors of 183856.
2, 11491
List the prime factors of 719003.
23, 43, 727
List the prime factors of 255582.
2, 3, 4733
What are the prime factors of 837027?
3, 29, 1069
What are the prime factors of 6248608?
2, 31, 6299
What are the prime factors of 943829?
67, 14087
List the prime factors of 7482308.
2, 1870577
List the prime factors of 357161.
7, 37, 197
List the prime factors of 7059882.
2, 3, 1176647
What are the prime factors of 34230824?
2, 89, 131, 367
List the prime factors of 100974.
2, 3, 16829
What are the prime factors of 225242?
2, 112621
What are the prime factors of 826002?
2, 3, 109, 421
List the prime factors of 6613258.
2, 3306629
List the prime factors of 913186.
2, 563, 811
What are the prime factors of 1826815?
5, 277, 1319
List the prime factors of 261037.
7, 89, 419
List the prime factors of 1109275.
5, 44371
List the prime factors of 4955793.
3, 41, 43, 937
List the prime factors of 256058.
2, 11, 103, 113
List the prime factors of 46523.
46523
List the prime factors of 16463189.
16463189
List the prime factors of 852182.
2, 426091
What are the prime factors of 6663117?
3, 199, 11161
List the prime factors of 693834.
2, 3, 197, 587
List the prime factors of 7561673.
7, 757, 1427
What are the prime factors of 3599186?
2, 43, 41851
What are the prime factors of 1083729?
3, 31, 43, 271
What are the prime factors of 25024911?
3, 73, 114269
What are the prime factors of 1111226?
2, 31, 17923
List the prime factors of 13097629.
67, 233, 839
What are the prime factors of 237465?
3, 5, 1759
List the prime factors of 317601.
3, 1307
What are the prime factors of 8423728?
2, 526483
What are the prime factors of 352790?
2, 5, 35279
What are the prime factors of 12976789?
7, 151, 12277
What are the prime factors of 770492?
2, 71, 2713
What are the prime factors of 13777547?
7, 31, 173, 367
List the prime factors of 545678.
2, 7, 38977
What are the prime factors of 735814?
2, 233, 1579
List the prime factors of 11310096.
2, 3, 7, 41, 821
What are the prime factors of 4352562?
2, 3, 80603
List the prime factors of 729054.
2, 3, 23, 587
List the prime factors of 206375.
5, 13, 127
What are the prime factors of 356400?
2, 3, 5, 11
What are the prime factors of 274353?
3, 109, 839
What are the prime factors of 617693?
617693
List the prime factors of 4761062.
2, 2380531
List the prime factors of 8306810.
2, 5, 311, 2671
List the prime factors of 115307.
67, 1721
What are the prime factors of 9284854?
2, 37, 125471
List the prime factors of 351442.
2, 7, 13, 1931
What are the prime factors of 1779140?
2, 5, 11, 8087
What are the prime factors of 2166742?
2, 1083371
List the prime factors of 227249.
11, 73, 283
What are the prime factors of 905881?
43, 21067
List the prime factors of 235042.
2, 17, 31, 223
List the prime factors of 26290559.
29, 307, 2953
What are the prime factors of 218971?
218971
List the prime factors of 970295.
5, 43, 4513
What are the prime factors of 766655?
5, 107, 1433
List the prime factors of 1348804.
2, 337201
What are the prime factors of 575505?
3, 5, 7, 29
List the prime factors of 146510.
2, 5, 7, 13, 23
What are the prime factors of 522518?
2, 137, 1907
List the prime factors of 988959.
3, 71, 4643
List the prime factors of 240226.
2, 7, 17159
List the prime factors of 20102301.
3, 71, 163, 193
What are the prime factors of 9466348?
2, 17, 73, 1907
List the prime factors of 3639545.
5, 7, 13, 19, 421
List the prime factors of 203888.
2, 12743
List the prime factors of 475638.
2, 3, 79273
List the prime factors of 320472.
2, 3, 4451
What are the prime factors of 4328431?
97, 44623
What are the prime factors of 7236955?
5, 11, 131581
What are the prime factors of 1181206?
2, 13, 181, 251
List the prime factors of 302797.
11, 27527
List the prime factors of 5237615.
5, 17, 43, 1433
List the prime factors of 2123560.
2, 5, 53089
List the prime factors of 10425604.
2, 7, 19, 19597
What are the prime factors of 567078?
2, 3, 94513
What are the prime factors of 256018?
2, 7, 18287
List the prime factors of 55672.
2, 6959
List the prime factors of 26402781.
3, 23, 382649
What are the prime factors of 823642?
2, 411821
What are the prime factors of 191749?
191749
List the prime factors of 87294.
2, 3, 14549
List the prime factors of 1937924.
2, 19, 43, 593
List the prime factors of 27898224.
2, 3, 17, 179, 191
List the prime factors of 1413265.
5, 7, 149, 271
List the prime factors of 4980356.
2, 19, 3449
List the prime factors of 18381756.
2, 3, 1531813
What are the prime factors of 555940?
2, 5, 7, 11, 19
List the prime factors of 2177388.
2, 3, 20161
List the prime factors of 2239605.
3, 5, 157, 317
What are the prime factors of 53810?
2, 5, 5381
List the prime factors of 710715.
3, 5, 47381
List the prime factors of 9666436.
2, 13, 185893
What are the prime factors of 1256631?
3, 37, 11321
What are the prime factors of 31680775?
5, 7, 17, 23, 463
List the prime factors of 506927.
43, 11789
What are the prime factors of 24408957?
3, 17, 23, 20809
What are the prime factors of 1454342?
2, 491, 1481
List the prime factors of 11185541.
17, 657973
List the prime factors of 176820.
2, 3, 5, 7, 421
List the prime factors of 3332364.
2, 3, 7, 39671
What are the prime factors of 7736835?
3, 5, 419, 1231
List the prime factors of 436241.
13, 23, 1459
List the prime factors of 414247.
379, 1093
List the prime factors of 374537.
374537
List the prime factors of 